Let t(u) = 39*u - 386. Let n be t(10). Determine h(n).
-9
Let h be (-1 - -4)*(-1000)/(-300). Let w(d) = 3*d - 28. Determine w(h).
2
Let c(w) be the first derivative of 37/2*w**2 + 0*w + 4. Determine c(1).
37
Let f(o) = -9*o**3 - 17*o**2 + 4*o + 3. Let r(z) = 2*z**2 + 2*z**3 - 1 + 12348*z - 12348*z. Let g(v) = -f(v) - 5*r(v). Give g(6).
14
Let m(a) = -46 + 317*a + 317*a - 660*a. Give m(-2).
6
Let c(w) be the third derivative of 0 + 4*w**2 + 1/10*w**5 + 1/2*w**3 + 0*w - 7/24*w**4 + 1/120*w**6. Calculate c(-7).
3
Let i(g) be the second derivative of g**3/6 + 55*g**2/2 - g + 1085. Calculate i(-8).
47
Let r(v) = v**2 - 4*v - 4. Suppose -60 = -4*h + l + 18, -l = 5*h - 93. Suppose h = 7*o + 5. Suppose 5 = -o*d + 1, 0 = 2*i + 5*d. Determine r(i).
1
Let n(d) = d + 4. Let r = 3324 + -3329. Give n(r).
-1
Let t(y) = -10*y**3 + 34*y**2 - 17*y - 25. Let p(u) = 2*u**3 - 3*u**2 - 1. Let k(c) = -4*p(c) - t(c). What is k(10)?
-1
Suppose 5*x = 4*x + 17*x - 128. Let m(d) = 4*d - 30. What is m(x)?
2
Let t(i) be the second derivative of 4*i + 17 + 0*i**2 + 0*i**3 + 1/12*i**4. Calculate t(4).
16
Let q(a) = a**2 + 3*a - 4. Let c = 72 + -69. Suppose 2*t - 3*g - 2*g + 15 = 0, 0 = -3*t + g - c. Suppose 2*i - 4*o - 2 = -t*o, 4 = -4*i + 4*o. Determine q(i).
-4
Let m(g) be the third derivative of g**5/15 - 5*g**4/24 - 3*g**3/2 + 7*g**2 - 108. Give m(-5).
116
Let k(i) = -i**3 - i**2 + 7*i + 6. Suppose 17*z - n + 30 = 9*z, 0 = -2*z + 2*n - 4. What is k(z)?
26
Let v(h) = -163482 - 9*h + 163484 - 2*h. Determine v(-9).
101
Let k(z) be the first derivative of 5*z**3/2 - z**2/2 - 131*z - 10. Let r(b) be the first derivative of k(b). Let l = 3 + -2. What is r(l)?
14
Suppose -3*z - 5*i = -27, 0 = 230*i - 226*i - 24. Let c(v) = -18*v + 1. Calculate c(z).
19
Let l(h) = -h**2 + h - 1. Let m be ((-30)/(-20))/(15/140). Suppose 3*w + 4*q + 2 = 0, w - 9*q - 3 = -m*q. Calculate l(w).
-7
Suppose 0 = -p - 5 + 3, -5*k + 5*p + 15 = 0. Let w be (10 + -34)*(k/2)/(-1). Let n(s) = 4*s - w + 2 + 3. Determine n(6).
17
Let n(t) = -t**3 - 5*t**2 - 48*t - 171. Let u(w) = -618*w - 4. Let i be u(0). Give n(i).
5
Let x = -7766 + 7761. Let a(d) = -d**3 - 6*d**2 + 26. What is a(x)?
1
Let n(t) be the third derivative of 1/4*t**4 + 0*t - 3*t**3 - 1/120*t**5 + 0 - 34*t**2. Let d(o) be the first derivative of n(o). Give d(4).
2
Let n(m) = m + 18. Suppose -109 = -2*s + 5*t, 2*s - t + 127 = 4*s. Suppose s*z = 58*z - 40. Give n(z).
8
Let h(d) be the third derivative of d**4/12 + 13*d**3/6 + 807*d**2 + 1. Determine h(-5).
3
Let x be (59 + -44)*(-8)/10*1. Let v(f) = -f**3 - 12*f**2 - 2*f - 16. Give v(x).
8
Let q(f) = -153*f**2 + 186 - 174 + 154*f**2 + 9*f. What is q(-5)?
-8
Let q(j) = 13*j - 14. Let b(r) = -7*r + 7. Let v(a) = 11*b(a) + 6*q(a). Let c be v(8). Let m(k) = -k + 5 - 17 + 4 + 3 + 6 + 8*k**2. Determine m(c).
8
Let v(u) = 3*u + 1. Suppose 4*b = -x + 60, -4*x - 4*b + 204 = -0*b. Suppose -90*q - x = -94*q. Suppose -1 = j - 2*t, -q = 5*j + 2*t - 5*t. Give v(j).
-8
Let y(m) = m**2 + 11*m - 74. Suppose 10 = -2*u + 5*v, -4*u - 3*v + 22 = -2*u. Determine y(u).
6
Let c(t) = -106*t - 836. Let y be c(-8). Let o(j) be the first derivative of -2*j + y + 1/2*j**2. Determine o(3).
1
Let x(m) be the second derivative of -m**3/2 + 36*m**2 + 3*m - 124. Give x(24).
0
Let y(f) be the second derivative of -f**5/20 - f**4/12 - f**3/6 + 9*f**2/2 - f. Let q = 67948 - 67948. Give y(q).
9
Let m = 19503 + -19504. Let s(q) = 22*q - 3. Determine s(m).
-25
Let q(o) = 3 + 0 - 7 + 11 + 2*o. Let m(n) = -n - 4. Let r(w) = 5*m(w) + 3*q(w). Give r(1).
2
Let r be -9 + -47 - (-3 - -1). Let z be (-36)/63 - r/21. Let p(c) = -2*c + 0*c - 3 - c**z + 0. What is p(-3)?
-6
Let y(d) be the first derivative of -3*d + 1/2*d**2 + 23. Determine y(6).
3
Let g(q) = 15*q**2 - 40*q + 12. Let r(u) = 2*u**2 + 2. Let x(t) = -g(t) + 7*r(t). Determine x(40).
2
Let a(g) = 5 + 3*g + 24*g - 1 - 20*g + 3*g**2 + 0*g**2. What is a(-4)?
24
Let g(o) be the third derivative of -o**5/60 + 7*o**4/24 - 13*o**3/6 + 2308*o**2. Let n = 17 - 12. Calculate g(n).
-3
Let i(v) = -27*v**2 - v**3 + 12*v**2 - 9 - 8 + 12*v**2 + v + 21*v**2. Determine i(18).
1
Let s(p) = -143*p**2 + 120*p**2 - 22 - 3*p - p**3 + 2*p**3 + 29*p**2. Give s(-5).
18
Let v(b) = b + 3. Suppose -x + 5*z = -180, -7*z + 5*z = 2. Let q = 180 - x. Give v(q).
8
Suppose -6*v + 2*t = -v - 1651, -5*t - 673 = -2*v. Let y = 325 - v. Let f(x) = -3*x - 17. What is f(y)?
-5
Let c be ((-708)/10)/(48/(-160)). Let q(r) = -r**3 - c*r**2 + 475*r**2 - 241*r**2. Give q(-2).
0
Let y(a) = -a + 3. Suppose -233*o + 48*o - 416 = 23*o. Calculate y(o).
5
Let c be 520/(-910) + ((-1674)/14)/(-1). Let y(m) = -231 + 23*m + c + 113. Determine y(-1).
-22
Let d(i) be the third derivative of -i**4/4 - 5*i**3/2 + 528*i**2. Give d(3).
-33
Let t(h) = 14*h - 5. Let k(i) be the third derivative of -i**4/2 + i**3 - 44*i**2 - 2. Let y(r) = -6*k(r) - 5*t(r). What is y(8)?
5
Let o(l) = 128*l + 65. Let w(t) = 154*t + 65. Let q(n) = 6*o(n) - 5*w(n). Give q(22).
21
Let o(n) = 2*n**2 + 47*n - 20. Let k be o(-24). Let g(x) = -x + 10. Determine g(k).
6
Let o(p) = -p**3 + 9*p**2 - 13*p + 49. Let j be o(8). Suppose -9*x = x - j*x. Let k(u) = u**2 + 35. Calculate k(x).
35
Let s(n) = -n**2 - 19*n + 175. Let k be s(7). Let d(p) = 3*p + 10. Give d(k).
-11
Suppose 5*b - 2*b - 888 = 0. Let v(h) = -5 + 147*h**3 + 150*h**3 - 8*h**2 - b*h**3. Determine v(8).
-5
Let c(y) = -y**3 + 6*y**2 + 8*y - 1. Let t be (29 + (-3 - -1))*3/9. Suppose -t*d + 35*d = 182. What is c(d)?
6
Let v(d) be the third derivative of d**5/30 - d**4/4 + d**3/2 - d**2 - d. Let a(g) = 2*g**2 - g - 2. Let s be a(2). Calculate v(s).
11
Let p(g) = -7563874994*g - 7 + 7563875004*g - 5*g**2 + 4*g**2. Let v be (-6)/(0 - 4/6). Determine p(v).
2
Let h(w) = w**3 - 5*w**2 - 12*w + 52. Let v be h(4). Let o(p) = -p**3 - 12*p**2 + 5*p + 17. What is o(v)?
-43
Let c(s) = 7*s**2 + 4*s + 10. Let w(x) = 12*x**2 + 11*x + 21. Let p(k) = 5*c(k) - 3*w(k). What is p(-14)?
-27
Let g(z) = 8744578*z + 23 - 8744597*z - 72 + z**2. What is g(23)?
43
Let m(r) = -6*r - 13. Let z be ((-45)/(-6) - 0)/(175/420). Suppose 105*w = 111*w + z. What is m(w)?
5
Let f = -115 + 160. Suppose 0 = 12*z + f - 93. Let k(g) = -g**3 + 5*g**2 + 3*g + 3. What is k(z)?
31
Let p = 118 + -107. Let l(h) = 22*h - 247. Let s be l(p). Let g(x) = -2*x + 2. Give g(s).
12
Let n(u) = u**2 - 13*u - 14. Suppose -23*c + 304 = 59*c - 926. Determine n(c).
16
Let p(v) = v + 8. Let i be 74 + (-2)/6*-15. Let w be i/(-11) - 7/(77/(-2)). Give p(w).
1
Suppose 32 = -4*s + c, 2*s + 2 = -0*s - 3*c. Let g be s/(210/18) - (-46)/10. Let b(v) = 2*v**2 - 1 + 1 - v - v**2 - g. Give b(0).
-4
Let a be (3/2)/(51/(-17)) + 1/1. Let p(v) be the first derivative of a*v**2 + 10 - 3*v. Give p(-8).
-11
Let a(f) = -36 + 101 - 2*f - 32 - 30. What is a(-12)?
27
Let d(w) = -3*w - 5. Let y(j) = -7*j - 9. Let q(g) = -5*d(g) + 2*y(g). Let t = -849 - -548. Let o = t + 296. Calculate q(o).
2
Let h(z) = -14 + 2*z + 0 - z. Suppose 3*x = -5*o + 2*x + 75, -5*o = -5*x - 105. Suppose -4 + o = 2*s. What is h(s)?
-8
Let x(p) = 7*p + 7. Let w(l) be the first derivative of -l**2/2 - 12*l + 19. Let h(v) be the first derivative of w(v). Let n(j) = -5*h(j) - x(j). Give n(-1).
5
Let t(l) be the third derivative of -l**4/2 + 13*l**3 + 28*l**2 + 41*l. Calculate t(6).
6
Let i(u) = 3*u**2 + u**2 + 2*u**3 + 6*u - u**3. Suppose -38*d - 110 - 26 = 16. Give i(d).
-24
Let h(g) = g**3 + 5*g**2 + 4*g - 2. Let n be (-4)/((-5766)/(-3069) + (-12)/22). Calculate h(n).
4
Let n(o) = 2*o**2 - 31*o + 112. Let y = 1373 + -1363. Determine n(y).
2
Suppose -15 = -8*l + 49. Let s(i) = -9 - l*i + 31*i - 10*i - 12*i. What is s(6)?
-3
Let b(s) = 22*s - 25. Suppose -24*i = 5*c - 20*i - 56, i + 3 = 3*c. Give b(c).
63
Suppose -2*n = -3*k - 52, 3*k - 25 = -2*n - 105. Let o(f) = 8*f + 189. What is o(k)?
13
Let f(g) = -5*g + 3. Let l be (20/6)/((-12)/(-18)). Suppose -5*t = -4*y - 37 - 66, -t - l*y + 38 = 0. Suppose 4*i = 5*v + 6*i - 10, -2*v = -3*i - t. Give f(v).
-17
Let s(z) = -z**3 - 10*z**2 + 27*z + 28. Suppose 2*r = 4*w - 28, 5*w - 1 = 4. Determine s(r).
-8
Let c be 295/(-3) - 4/(-12). Let d = c + 92. Let j(t) = t**2 + 9*t + 13. Determine j(d).
-5
Suppose -124*u + 17*u = -321. Let l(x) = -3*x**3 + x**2 + 4*x - 1. What is l(u)?
-61
Let g(o) 